ime factors of ((-84)/(-10))/((-3)/i).
2, 3, 7
Let o = 16 - 9. Suppose -27 = 4*p - o*p. Suppose -2*l + 34 = -4*z, -5*l + 2*z + 116 = -p. What are the prime factors of l?
3
Suppose 29*i - 4014 = 11*i. What are the prime factors of i?
223
Suppose -4*q + 2874 + 3900 = -y, 8471 = 5*q - 3*y. List the prime factors of q.
1693
Let j be (-4 - -6)/(33/(-15) - -2). Let n(z) = z**2 - 3*z + 11. List the prime factors of n(j).
3, 47
Suppose 0 = 89*j - 266065 + 4939. List the prime factors of j.
2, 3, 163
Let i be (-4 + (-88)/(-20))*10. Suppose -5*b + 9*b = -i*t + 452, 4*t - 487 = 3*b. List the prime factors of t.
2, 59
Let m(l) = -l - 10. Suppose -r - 6 = 2. Let s be m(r). What are the prime factors of (-34)/((s + 1)*2)?
17
Suppose -41100 = -33*z + 13*z. What are the prime factors of z?
3, 5, 137
Let u(y) be the first derivative of 5*y**4/2 - y**3/3 - y**2/2 - y - 4. Let t be u(-1). Let h = 35 + t. List the prime factors of h.
2, 3
Suppose -8*o - 3313 + 22977 = 0. List the prime factors of o.
2, 1229
Suppose 2*p = -22*w + 26*w - 1518, -4*w + 1513 = -p. List the prime factors of w.
13, 29
Suppose -65 = 4*y - 25. Suppose -4*j + 0*j - 100 = 0. List the prime factors of (j/y)/(-5)*-158.
79
Let l be 12 + 4*(-4)/4. Suppose -5*g + l*g = 663. Suppose -5*s + 64 = -g. List the prime factors of s.
3, 19
Suppose -32*u + 34*u = 6. Let j be (u + -5 - 2) + 63. Let l = 19 + j. What are the prime factors of l?
2, 3, 13
Let n(h) be the third derivative of 0*h**3 + 0*h - 3*h**2 + 0 - 1/3*h**4. What are the prime factors of n(-2)?
2
Let p(x) = 13*x - 65. List the prime factors of p(20).
3, 5, 13
Suppose 15*h - 18*h + 36 = 0. Let y = 34 - h. List the prime factors of y.
2, 11
Suppose 13 = -i + 5. Let k be (i/12)/(2/(-6)). Suppose 2*v - 2 = k. List the prime factors of v.
2
Suppose 0 = 18*v - 5919 - 14565. List the prime factors of v.
2, 569
What are the prime factors of (-346894)/(-1284) + 10/12?
271
Let s(o) = -6*o**3 - 3*o**2 + 18*o + 85. List the prime factors of s(-6).
5, 233
Let c(p) = -2*p + 49. Let v be c(-22). Suppose 12 = -4*q, -2*i - 4*q + v = -131. What are the prime factors of i?
2, 59
Suppose -3*j + 0 - 9 = 0, 3*j - 66 = -3*t. Let b be (18/15 + -2)/(6/15). Let f = t + b. What are the prime factors of f?
23
List the prime factors of (-5 - (-185)/35)*6244.
2, 223
Suppose -31*a + 34*a = 13128. What are the prime factors of a?
2, 547
Let g = -43 - -186. Suppose -o + 0*o - g = 0. Let q = -95 - o. What are the prime factors of q?
2, 3
Let t(g) = 4*g**2 + 23*g - 4. Let j be t(-6). List the prime factors of ((-1)/j*-2)/(2/6).
3
Suppose 0 = 2*j - 3*u - 4, 0*j - 4*j = -3*u - 8. Suppose -5*a + 29 = j*y - 16, 5*y - 4*a - 195 = 0. What are the prime factors of y?
5, 7
What are the prime factors of (17/51)/(2/1578)?
263
Let s = -343 + 885. List the prime factors of s.
2, 271
Suppose 0 = -2*p - 0*p. Let x be 0*2/4*10/15. Suppose p*o - 3*o + 42 = x. What are the prime factors of o?
2, 7
Suppose -3*x + 626 = -2*x. Suppose x = -8*t - 654. Let l = -111 - t. List the prime factors of l.
7
Suppose 11*n - 6*n - 530 = 0. Let z = -59 + n. Suppose -4*r - 5*b + z = 0, -8 = -2*b - 18. What are the prime factors of r?
2, 3
Suppose -4*t + 1495 = b, -b + 345 + 1153 = t. List the prime factors of b.
1499
Let u = -35 - -42. Suppose 384 = p + u*p. What are the prime factors of p?
2, 3
Suppose 3*w = 5*m - 305, m + m = -2*w + 106. List the prime factors of m.
2, 29
Let y = -5 + 6. Let r(n) be the first derivative of 31*n**2/2 + n + 2. What are the prime factors of r(y)?
2
Suppose -55*r = -61*r. Suppose r = -t - 5*f + 236, -3*t + 3*f + 0*f = -726. What are the prime factors of t?
241
Suppose 3 = -u + 8. Suppose -3*g = f - 170, 185 = 2*f + u*g - 158. What are the prime factors of f?
179
Let k(c) = -4*c - 8. Let i = 3 - 9. Let j be k(i). Suppose 3 = -z, 2*z = w - 7 - j. What are the prime factors of w?
17
Let k = -20 + 23. Suppose 2048 = k*t + 13*t. What are the prime factors of t?
2
Suppose 4*g - y - 2 - 3 = 0, -2*g = -y - 1. Suppose -n + b = -23, -n - g*b = n - 66. List the prime factors of n.
2, 7
Suppose -2*k - l + 4 = 0, k + 5*l = 7*l + 2. What are the prime factors of k + 129*10/15?
2, 11
Let i = 1202 - -498. What are the prime factors of i?
2, 5, 17
Let v(z) = z**2 + 15*z + 11. Let y be v(-10). Let k = 52 + y. List the prime factors of k.
13
Let w = 12 + -9. Let k be -4 + 5 + 255/w. Suppose k = 4*x - 14. List the prime factors of x.
5
Suppose -13*v + 3060 + 13515 = 0. What are the prime factors of v?
3, 5, 17
Suppose 5*y + 3*r + 45 = -2*r, -5*r = -4*y - 9. Let d = 6 + y. Suppose d = 14*v - 15*v + 24. List the prime factors of v.
2, 3
Let m(k) = k**2 + k + 379. Let n be m(0). Suppose 20 = -4*s, -3*c - 3*s - 58 = -n. What are the prime factors of c?
2, 7
Suppose -338 - 675 = -r - 3*b, 4*r + 2*b - 4072 = 0. List the prime factors of r.
1019
Let u(o) = -o**3 + 12*o**2 - 16*o - 20. Let d be u(10). Suppose -8*r + 216 = -4*r. Let k = r - d. List the prime factors of k.
2, 17
Let a(t) = -7*t - 22. Let g be a(-5). Let p = g + -8. Suppose 3*b - 270 = -p*q, -4*b + b + 66 = q. What are the prime factors of q?
3, 17
Suppose 5*d = -3*j + 336, 3*j + 5*d = 2*j + 112. Let b = 171 - j. What are the prime factors of b?
59
Let u(y) = y + 8. Let w = -4 + 0. Let i be u(w). Let p = 24 - i. List the prime factors of p.
2, 5
Let n(s) = -s**3 - 25*s**2 - 16*s - 77. What are the prime factors of n(-25)?
17, 19
Suppose 5*n - 5*s = -6*s + 1750, 2*s + 1414 = 4*n. List the prime factors of n.
3, 13
Let f(o) = o**3 + 5*o**2 - 2*o + 2. Let c(m) = -m**2 + 13*m - 11. Let n be c(12). Let k be -2 + n - 9/3. What are the prime factors of f(k)?
2, 13
Suppose 4*c - z = 3*z - 8, 3*c - 4*z = -8. Suppose 20 = 13*r - 3*r. Suppose c = -4*g - 2*l + 98, -g + r*l = -17 + 5. What are the prime factors of g?
2, 11
Let h = -101 + 110. Suppose 7 = -4*z + 5*z. Suppose -16 = -h*u + z*u. List the prime factors of u.
2
Let y = 61 + -12. List the prime factors of (-12 - (-6)/2)*y/(-3).
3, 7
Let i = 4538 - 3191. List the prime factors of i.
3, 449
Let u = 32 - -10. Suppose -2*r - 22 = j, 7*j - 2*j = 3*r - 58. Let x = u + j. List the prime factors of x.
2, 7
Suppose 18603 = 28*k - 3853. List the prime factors of k.
2, 401
Let f(d) = 127*d - 1. Let l be f(1). Let m = -72 + l. List the prime factors of m.
2, 3
Let n be 2/((-1)/3*-1). Suppose -n*a - a = -490. List the prime factors of a.
2, 5, 7
Suppose -4*h - 4*o = -7*h + 3499, -3495 = -3*h + 3*o. What are the prime factors of h?
3, 43
Suppose t = 1 + 3. Let h = t + 17. Suppose 3*k + h = -5*q + 80, -q = 4*k - 73. List the prime factors of k.
2, 3
Let q(d) = 2*d**2 - 89*d + 355. What are the prime factors of q(51)?
2, 509
Suppose -3*c - 9 = -12. Suppose -q - c = 3*m - 12, m = 3*q - 13. Suppose -u + 5*w + 18 = 0, -u - 2*w - m*w = -36. List the prime factors of u.
2, 7
Let u be -4*(3 + -4) - 12. Let y be (-5)/(-2) + 4/u. List the prime factors of (-50)/(-20) + y/(-4).
2
Let i(t) = 8*t - 17. Let j = -21 + 25. Suppose -j*k + 13 - 2 = -m, 55 = 5*m + 2*k. What are the prime factors of i(m)?
5, 11
Suppose 2*v + 669*c = 668*c + 3973, 5*v - 5*c - 9940 = 0. List the prime factors of v.
1987
Let v be ((-1)/(-1) + -2)*-33. Let r = v - 33. Suppose 5*s = -z + 77, -4*s + 3*s + 2 = r. List the prime factors of z.
67
Let c = 16 + 10. Suppose -36 = -27*m + 15*m. Suppose -2*w - v + 11 = 4*v, 2*v = m*w - c. List the prime factors of w.
2
Suppose 130185 = -97*p + 142*p. What are the prime factors of p?
11, 263
Suppose 5*m = -0*m - 190. Let c be (3 - (-272)/5) + 8/(-20). Let o = m + c. What are the prime factors of o?
19
Let o(x) = -38*x - 1. Let k(a) = -a**2 + 5*a + 5. Suppose 26 = 5*q + 4*p, -5*q + 2*q - 5*p + 13 = 0. Let g be k(q). What are the prime factors of o(g)?
37
Let x(m) be the third derivative of -m**4/6 + m**3 + 2*m**2. Let q be x(-8). Let n = 68 - q. List the prime factors of n.
2, 3, 5
Suppose 4*v - f = 616 - 175, -4*v + 3*f + 435 = 0. List the prime factors of v.
3, 37
What are the prime factors of (-28)/126 - 3413/(-18)*2?
379
Suppose 0 = 18*o - 49*o + 56730. List the prime factors of o.
2, 3, 5, 61
List the prime factors of (-6)/5 + 325941/255.
1277
List the prime factors of -7*((-21)/49*1 + -101).
2, 5, 71
Let i(r) = -71*r - 13. Let m be i(3). List the prime factors of 0 + (m/(-14) - (-7)/(-49)).
2
Supp